{"id":1444,"date":"2024-05-31T17:21:40","date_gmt":"2024-05-31T17:21:40","guid":{"rendered":"https:\/\/gohost.keystonedemo.xyz\/?page_id=1444"},"modified":"2024-09-22T20:27:35","modified_gmt":"2024-09-22T18:27:35","slug":"refund-policy","status":"publish","type":"page","link":"https:\/\/bovahost.com\/bhs\/politika-povrata-novca\/","title":{"rendered":"Politika povrata novca"},"content":{"rendered":"<p class=\"cmplz-subtitle\"><strong>Pravo na povla\u010denje<\/strong><\/p>\n<p>Imate pravo odustati od ovog ugovora u roku od 14 dana bez navo\u0111enja razloga.<\/p>\n<p>Rok za odustajanje isti\u010de 14 dana od dana zaklju\u010denja ugovora.<\/p>\n<p>Da biste iskoristili pravo na odustanak, morate nas obavijestiti o svojoj odluci da odustanete od ovog ugovora nedvosmislenom izjavom (na primjer pismom poslanim po\u0161tom, faksom ili e-po\u0161tom). Na\u0161e kontakt podatke mo\u017eete prona\u0107i u nastavku. Mo\u017eete koristiti prilo\u017eeni model\u00a0<a href=\"https:\/\/bovahost.com\/wp-content\/uploads\/complianz\/withdrawal-forms\/withdrawal-form-en.pdf\" target=\"_blank\" rel=\"noopener\">obrazac za povla\u010denje<\/a>, ali nije obavezno.<\/p>\n<p>Tako\u0111er mo\u017eete elektronski popuniti i predati obrazac za odustajanje ili bilo koju drugu nedvosmislenu izjavu na na\u0161em\u00a0<a href=\"https:\/\/bovahost.com\/bhs\/kontaktirajte-nas\/\">web stranica<\/a>.<\/p>\n<p>Ako koristite ovu opciju, bez odlaganja \u0107emo vam poslati potvrdu o prijemu takvog povla\u010denja na trajnom mediju (na primjer putem e-po\u0161te).<\/p>\n<p>Da biste ispo\u0161tovali rok za povla\u010denje, dovoljno je da po\u0161aljete svoju poruku o ostvarivanju prava na odustanak prije isteka roka za povla\u010denje.<\/p>\n<p class=\"cmplz-subtitle\"><strong>Efekti povla\u010denja<\/strong><\/p>\n<p>Ako odustanete od ovog ugovora, mi \u0107emo vam nadoknaditi sve uplate primljene od vas, uklju\u010duju\u0107i tro\u0161kove isporuke (osim dodatnih tro\u0161kova koji proizlaze iz va\u0161eg izbora vrste isporuke koja nije najjeftinija vrsta standardne isporuke koju nudi nas), bez nepotrebnog odlaganja iu svakom slu\u010daju najkasnije u roku od 14 dana od dana kada smo obavije\u0161teni o va\u0161oj odluci da odustanete od ovog ugovora. Mi \u0107emo izvr\u0161iti takvu nadoknadu koriste\u0107i isto sredstvo pla\u0107anja koje ste koristili za po\u010detnu transakciju osim ako se izri\u010dito ne dogovorite druga\u010dije; u svakom slu\u010daju, ne\u0107ete imati nikakve naknade kao rezultat takve nadoknade.<\/p>\n<p>Ako ste zatra\u017eili da po\u010dnete sa pru\u017eanjem usluga tokom perioda za povla\u010denje, platit \u0107ete nam iznos koji je proporcionalan onome \u0161to je pru\u017eeno sve dok nam ne obavijestite svoje odustajanje od ovog ugovora, u pore\u0111enju sa punim pokri\u0107em ugovora .<\/p>\n<p>Imajte na umu da postoje neki zakonski izuzeci od prava na povla\u010denje, te se neki artikli stoga ne mogu vratiti ili zamijeniti.  Obavijestit \u0107emo vas da li se ovo odnosi na va\u0161 konkretni slu\u010daj.<\/p>","protected":false},"excerpt":{"rendered":"<p>Pravo na raskid Imate pravo da odustanete od ovog ugovora u roku od 14 dana bez navo\u0111enja razloga. Period povla\u010denja \u0107e iste\u0107i nakon toga<\/p>","protected":false},"author":1,"featured_media":0,"parent":0,"menu_order":0,"comment_status":"closed","ping_status":"closed","template":"template-full-width.php","meta":{"inline_featured_image":false,"footnotes":""},"class_list":["post-1444","page","type-page","status-publish","hentry"],"yoast_head":"<!-- This site is optimized with the Yoast SEO Premium plugin v23.4 (Yoast SEO v26.6) - https:\/\/yoast.com\/wordpress\/plugins\/seo\/ -->\n<title>Refund Policy | Bova HOST<\/title>\n<meta name=\"description\" content=\"Right of withdrawal You have the right to withdraw from this contract within 14 days without giving any reason. The withdrawal period will expire after 14\" \/>\n<meta name=\"robots\" content=\"index, follow, max-snippet:-1, max-image-preview:large, max-video-preview:-1\" \/>\n<link rel=\"canonical\" href=\"https:\/\/bovahost.com\/bhs\/politika-povrata-novca\/\" \/>\n<meta property=\"og:locale\" content=\"bs_BA\" \/>\n<meta property=\"og:type\" content=\"article\" \/>\n<meta property=\"og:title\" content=\"Refund Policy\" \/>\n<meta property=\"og:description\" content=\"Right of withdrawal You have the right to withdraw from this contract within 14 days without giving any reason. The withdrawal period will expire after 14\" \/>\n<meta property=\"og:url\" content=\"https:\/\/bovahost.com\/bhs\/politika-povrata-novca\/\" \/>\n<meta property=\"og:site_name\" content=\"Bova HOST\" \/>\n<meta property=\"article:modified_time\" content=\"2024-09-22T18:27:35+00:00\" \/>\n<meta property=\"og:image\" content=\"https:\/\/bovahost.com\/wp-content\/uploads\/2024\/05\/wordpress-2.png\" \/>\n\t<meta property=\"og:image:width\" content=\"1524\" \/>\n\t<meta property=\"og:image:height\" content=\"1180\" \/>\n\t<meta property=\"og:image:type\" content=\"image\/png\" \/>\n<meta name=\"twitter:card\" content=\"summary_large_image\" \/>\n<meta name=\"twitter:label1\" content=\"Est. reading time\" \/>\n\t<meta name=\"twitter:data1\" content=\"2 minute\" \/>\n<script type=\"application\/ld+json\" class=\"yoast-schema-graph\">{\"@context\":\"https:\/\/schema.org\",\"@graph\":[{\"@type\":\"WebPage\",\"@id\":\"https:\/\/bovahost.com\/refund-policy\/\",\"url\":\"https:\/\/bovahost.com\/refund-policy\/\",\"name\":\"Refund Policy | Bova HOST\",\"isPartOf\":{\"@id\":\"https:\/\/bovahost.com\/#website\"},\"datePublished\":\"2024-05-31T17:21:40+00:00\",\"dateModified\":\"2024-09-22T18:27:35+00:00\",\"description\":\"Right of withdrawal You have the right to withdraw from this contract within 14 days without giving any reason. The withdrawal period will expire after 14\",\"breadcrumb\":{\"@id\":\"https:\/\/bovahost.com\/refund-policy\/#breadcrumb\"},\"inLanguage\":\"bs-BA\",\"potentialAction\":[{\"@type\":\"ReadAction\",\"target\":[\"https:\/\/bovahost.com\/refund-policy\/\"]}]},{\"@type\":\"BreadcrumbList\",\"@id\":\"https:\/\/bovahost.com\/refund-policy\/#breadcrumb\",\"itemListElement\":[{\"@type\":\"ListItem\",\"position\":1,\"name\":\"Home\",\"item\":\"https:\/\/bovahost.com\/\"},{\"@type\":\"ListItem\",\"position\":2,\"name\":\"Refund Policy\"}]},{\"@type\":\"WebSite\",\"@id\":\"https:\/\/bovahost.com\/#website\",\"url\":\"https:\/\/bovahost.com\/\",\"name\":\"BovaHOST\",\"description\":\"\",\"publisher\":{\"@id\":\"https:\/\/bovahost.com\/#organization\"},\"potentialAction\":[{\"@type\":\"SearchAction\",\"target\":{\"@type\":\"EntryPoint\",\"urlTemplate\":\"https:\/\/bovahost.com\/?s={search_term_string}\"},\"query-input\":{\"@type\":\"PropertyValueSpecification\",\"valueRequired\":true,\"valueName\":\"search_term_string\"}}],\"inLanguage\":\"bs-BA\"},{\"@type\":\"Organization\",\"@id\":\"https:\/\/bovahost.com\/#organization\",\"name\":\"BovaHOST (Projekt L Jajce)\",\"url\":\"https:\/\/bovahost.com\/\",\"logo\":{\"@type\":\"ImageObject\",\"inLanguage\":\"bs-BA\",\"@id\":\"https:\/\/bovahost.com\/#\/schema\/logo\/image\/\",\"url\":\"https:\/\/bovahost.com\/wp-content\/uploads\/2024\/09\/logo-light.png\",\"contentUrl\":\"https:\/\/bovahost.com\/wp-content\/uploads\/2024\/09\/logo-light.png\",\"width\":450,\"height\":80,\"caption\":\"BovaHOST (Projekt L Jajce)\"},\"image\":{\"@id\":\"https:\/\/bovahost.com\/#\/schema\/logo\/image\/\"}}]}<\/script>\n<!-- \/ Yoast SEO Premium plugin. -->","yoast_head_json":{"title":"Politika povrata novca | Bova HOST","description":"Pravo na raskid Imate pravo da odustanete od ovog ugovora u roku od 14 dana bez navo\u0111enja razloga. Period povla\u010denja isti\u010de nakon 14","robots":{"index":"index","follow":"follow","max-snippet":"max-snippet:-1","max-image-preview":"max-image-preview:large","max-video-preview":"max-video-preview:-1"},"canonical":"https:\/\/bovahost.com\/bhs\/politika-povrata-novca\/","og_locale":"bs_BA","og_type":"article","og_title":"Refund Policy","og_description":"Right of withdrawal You have the right to withdraw from this contract within 14 days without giving any reason. The withdrawal period will expire after 14","og_url":"https:\/\/bovahost.com\/bhs\/politika-povrata-novca\/","og_site_name":"Bova HOST","article_modified_time":"2024-09-22T18:27:35+00:00","og_image":[{"width":1524,"height":1180,"url":"https:\/\/bovahost.com\/wp-content\/uploads\/2024\/05\/wordpress-2.png","type":"image\/png"}],"twitter_card":"summary_large_image","twitter_misc":{"Est. reading time":"2 minute"},"schema":{"@context":"https:\/\/schema.org","@graph":[{"@type":"WebPage","@id":"https:\/\/bovahost.com\/refund-policy\/","url":"https:\/\/bovahost.com\/refund-policy\/","name":"Politika povrata novca | Bova HOST","isPartOf":{"@id":"https:\/\/bovahost.com\/#website"},"datePublished":"2024-05-31T17:21:40+00:00","dateModified":"2024-09-22T18:27:35+00:00","description":"Pravo na raskid Imate pravo da odustanete od ovog ugovora u roku od 14 dana bez navo\u0111enja razloga. Period povla\u010denja isti\u010de nakon 14","breadcrumb":{"@id":"https:\/\/bovahost.com\/refund-policy\/#breadcrumb"},"inLanguage":"bs-BA","potentialAction":[{"@type":"ReadAction","target":["https:\/\/bovahost.com\/refund-policy\/"]}]},{"@type":"BreadcrumbList","@id":"https:\/\/bovahost.com\/refund-policy\/#breadcrumb","itemListElement":[{"@type":"ListItem","position":1,"name":"Home","item":"https:\/\/bovahost.com\/"},{"@type":"ListItem","position":2,"name":"Refund Policy"}]},{"@type":"WebSite","@id":"https:\/\/bovahost.com\/#website","url":"https:\/\/bovahost.com\/","name":"BovaHOST","description":"","publisher":{"@id":"https:\/\/bovahost.com\/#organization"},"potentialAction":[{"@type":"SearchAction","target":{"@type":"EntryPoint","urlTemplate":"https:\/\/bovahost.com\/?s={search_term_string}"},"query-input":{"@type":"PropertyValueSpecification","valueRequired":true,"valueName":"search_term_string"}}],"inLanguage":"bs-BA"},{"@type":"Organization","@id":"https:\/\/bovahost.com\/#organization","name":"BovaHOST (Projekt L Jajce)","url":"https:\/\/bovahost.com\/","logo":{"@type":"ImageObject","inLanguage":"bs-BA","@id":"https:\/\/bovahost.com\/#\/schema\/logo\/image\/","url":"https:\/\/bovahost.com\/wp-content\/uploads\/2024\/09\/logo-light.png","contentUrl":"https:\/\/bovahost.com\/wp-content\/uploads\/2024\/09\/logo-light.png","width":450,"height":80,"caption":"BovaHOST (Projekt L Jajce)"},"image":{"@id":"https:\/\/bovahost.com\/#\/schema\/logo\/image\/"}}]}},"_links":{"self":[{"href":"https:\/\/bovahost.com\/bhs\/wp-json\/wp\/v2\/pages\/1444","targetHints":{"allow":["GET"]}}],"collection":[{"href":"https:\/\/bovahost.com\/bhs\/wp-json\/wp\/v2\/pages"}],"about":[{"href":"https:\/\/bovahost.com\/bhs\/wp-json\/wp\/v2\/types\/page"}],"author":[{"embeddable":true,"href":"https:\/\/bovahost.com\/bhs\/wp-json\/wp\/v2\/users\/1"}],"replies":[{"embeddable":true,"href":"https:\/\/bovahost.com\/bhs\/wp-json\/wp\/v2\/comments?post=1444"}],"version-history":[{"count":0,"href":"https:\/\/bovahost.com\/bhs\/wp-json\/wp\/v2\/pages\/1444\/revisions"}],"wp:attachment":[{"href":"https:\/\/bovahost.com\/bhs\/wp-json\/wp\/v2\/media?parent=1444"}],"curies":[{"name":"radni list","href":"https:\/\/api.w.org\/{rel}","templated":true}]}}